0*o(b). Calculate x(-6).
6
Let h(k) = -k**2 + 5*k + 6. Let v be h(6). Suppose v*r = r - 2. Let m(b) = 2 + 2*b - b**2 + r*b + b + 2*b**2. Calculate m(-6).
8
Let n(h) = -h**3 - 2*h**2 + 0*h**2 - h - 7 - 6*h**2 - 2*h**2 - 2*h**2. Calculate n(-12).
5
Let q(j) = j**3 + 4*j**2 + 2*j. Suppose -w = -3*k - 6, w = 4*k - 0*k + 9. Determine q(w).
3
Let g(t) = 2*t**2 + 6*t - 5. Suppose 3*w + 3 = 0, -c + 2*c + 3*w = 0. Suppose -120 = -c*u - 27. Suppose 5*j = 6 - u. Give g(j).
15
Let i(r) = 7 + 31*r - 12 + r**3 + 18*r**2 - 17. Let h be i(-16). Let b(a) = -a**3 - 5*a**2 + 6*a - 8. Calculate b(h).
-8
Let q(k) = 4*k - 3*k**2 - 6 + 2*k**2 - k**2 + 1. Give q(4).
-21
Suppose -5*f + 21 = i + i, 0 = 2*f - 2*i. Let d(o) = -o**3 + 3*o**2 + 2. Calculate d(f).
2
Let r(q) be the third derivative of 0*q - 1/6*q**3 + q**2 + 0 + 1/12*q**4 + 13/60*q**5. Let n(m) = m**3 + 17*m**2 - 18*m + 1. Let h be n(-18). Calculate r(h).
14
Let x be 30/9*(-12)/(-10). Suppose -x*c = -0 - 8. Let l(j) = 8*j + 1 + 7*j**c - 6*j + 0. Determine l(-1).
6
Let y(b) = -b**3 - 4*b**2 + 7*b + 6. Let p be -36*((-18)/(-8) - 7/(-28)). Let c = p - -85. What is y(c)?
-4
Let d(s) = 7*s - 54. Let x(n) = 6*n - 44. Let t(o) = -3*d(o) + 4*x(o). Give t(-13).
-53
Let n(z) = 13*z**3 - 8*z**2 - 6*z + 1. Let p(t) = 8*t**3 - 5*t**2 - 4*t + 1. Let q(g) = 5*n(g) - 8*p(g). Calculate q(2).
9
Let s(r) be the third derivative of 0*r + 0 - r**3 - 11*r**2 - 1/6*r**4. Calculate s(-4).
10
Let g(z) = -38*z**2 - 8*z + 21. Let h(x) = 19*x**2 + 4*x - 9. Let v(i) = 2*g(i) + 5*h(i). Give v(1).
20
Let p(s) = 2*s - 12. Let a be (-52)/13*((-27)/(-12))/(-1). Calculate p(a).
6
Let i(a) = -80*a**2 + 8*a**3 + 86*a**2 + 1 - 7*a**3 + 9 + 6*a + 0*a. Determine i(-6).
-26
Let o(w) = -10 + 37 + 6*w - 18*w + 0*w**2 + w**2 - 21. Calculate o(7).
-29
Let l(f) = f**3 + 7*f**2 - 7*f - 9. Suppose -23*k - 37 - 147 = 0. What is l(k)?
-17
Suppose -22 = 3*b - 7. Let i(d) = -2. Let j(m) = -1 - 2 + 1 - m. Let c(k) = 3*i(k) - 2*j(k). Determine c(b).
-12
Let f(d) be the third derivative of d**4/24 - d**3 - 680*d**2 - 4. Let p be (-1)/(14/12 + -1). Let k = 2 - p. What is f(k)?
2
Let p(i) = -i + 7. Let s = -27 - -29. Suppose s*g + 4*l = 28, 2*g + 2*g + 2*l - 26 = 0. Determine p(g).
3
Let k = -113 + 116. Let r(h) = -3*h**2 + 20*h**3 - 7*h**3 + 3*h + 2*h - 14*h**k. Give r(-4).
-4
Let b(z) = z**2 + 67*z + 200. Let p be b(-3). Let i(l) = l**2 - 9*l - 9. Determine i(p).
-17
Let x = 30 + -29. Let y be 1 + 9*x/3. Let u(o) = -2*o + 2. Calculate u(y).
-6
Let w(b) be the third derivative of b**5/60 - b**4/6 - 8*b**2. Let t = -69 + 72. What is w(t)?
-3
Let f be 5 + (-16)/(-10)*(-25)/10. Let m(o) = -15*o - 1. Calculate m(f).
-16
Let c(d) = -2*d**3 + 5*d**2 - 28*d + 12. Let z(w) = w**3 - 2*w**2 + 15*w - 6. Let k(i) = 6*c(i) + 11*z(i). Give k(7).
34
Let d(j) = j + 19. Suppose 0 = 13*g + 26 + 65. Give d(g).
12
Suppose 5*w - 8*k + 29 = -5*k, -2*k - 39 = 5*w. Let p(o) = 5*o + 4. Give p(w).
-31
Let g(l) = 6*l + 18. Let s(c) = -13*c - 40. Let n(f) = 7*g(f) + 3*s(f). What is n(6)?
24
Let b(t) = -t**3 + 6*t**2 - 4*t - 2. Let g be b(5). Let j(f) = f**3 - 2*f**2 - 2*f - 4. Determine j(g).
-1
Let q = -29 + 33. Let w be (-4 - -4)*(-2)/(-4). Let f(k) = -5 - k**3 + 4*k**2 + 4*k**2 - 4*k**2 + 4*k + w*k**2. Determine f(q).
11
Let d(q) = q**2 - 2. Suppose 2*k + 0 = -4. What is d(k)?
2
Let t(p) = 8*p**3 + p**2 - 2*p + 1. Suppose 9*s - 1 = 8. What is t(s)?
8
Let o be -8*4/8 - 3. Let i = o - -9. Let v(n) = -i*n + 16*n - 8*n - n**2 - 6. What is v(6)?
-6
Suppose -4*m + 20 = m + 5*b, -2 = -2*b. Let f = -87 + 90. Let q(w) = -2 + 2*w**m + f - 8*w**3. What is q(1)?
-5
Let r(c) be the second derivative of -c**4/12 + 2*c**3 + 3*c**2 + 2*c - 31. Give r(12).
6
Let o(b) = 10*b. Let v(c) = -2*c. Let i(r) = -o(r) - 6*v(r). What is i(3)?
6
Let m(w) = -30*w**2 - 1. Suppose 0 = -v - 2, 3*v + 4 = f - 3. Calculate m(f).
-31
Let p(w) be the first derivative of -w**3/3 - w**2/2 + 4*w + 106. Give p(4).
-16
Suppose -3*r - 9 = -21. Let h(t) = t**3 - 6*t**2 + 6*t - 5. What is h(r)?
-13
Let y(v) be the first derivative of v**4/4 + 4*v**3/3 - 3*v**2 - 2*v + 107. Calculate y(-5).
3
Let g(a) = a**3 + 6*a**2 - a - 4. Let k be g(-6). Let q(r) = -k*r + 5*r + 0 + 2*r + 1. Let i(s) = s + 4. Let n be i(-7). Determine q(n).
-14
Let j = -1264 + 1264. Let k(y) = -2*y**2 - y - 7. What is k(j)?
-7
Let a(m) be the first derivative of m**2 - 28*m - 142. What is a(15)?
2
Let g(y) = -y**2 + 6*y - 19. Let w be g(3). Let p(x) = x**2 + 9*x - 5. What is p(w)?
5
Let b = 12 + -17. Let g(f) = -6*f - 5. Let x(d) = 6 + d + 0*d - 5. Let p(m) = -g(m) - 5*x(m). What is p(b)?
-5
Let q(n) be the third derivative of n**7/560 - n**6/720 + n**5/20 - 2*n**2. Let i(h) be the third derivative of q(h). Let v = -306 - -307. What is i(v)?
8
Let q be (-55)/11 - (2 + -2). Let r(u) = -8*u - 9. Let k(f) = 7*f + 8. Let g(s) = -7*k(s) - 6*r(s). Determine g(q).
3
Let c(q) = -q**3 - 3*q**2 + 8*q + 5. Let l(g) = 10*g + 115. Let r be l(-12). Give c(r).
15
Let f(o) = 9*o**3 + o**2 - o. Let d(b) = -b**3 - b + 1. Let a be d(0). What is f(a)?
9
Let j(p) = 12 + 91*p - 90*p - 34. What is j(14)?
-8
Let d(b) = -b**2 + 15*b + 6. Let n(o) = -o**2 + 14*o + 4. Let s(g) = -4*d(g) + 5*n(g). What is s(9)?
5
Let i(s) = 5*s**3 + 2*s**2 + 9. Let j(w) = 4*w**3 + 3*w**2 + 8. Let u(f) = -3*i(f) + 4*j(f). Suppose -2 = 3*c + 16. Calculate u(c).
5
Suppose -8*k = 5*t - 4*k + 30, k + 7 = -t. Let l(x) = 0*x**2 + 1 + 4*x + 2*x**2 + 1. Calculate l(t).
2
Suppose -25*c = -4*c + 315. Let r(y) = y + 30. Calculate r(c).
15
Let o(r) = -r**3 + 6*r**2 - 3*r. Let i(s) = -s**2 - 35*s - 212. Let h be i(-27). What is o(h)?
20
Let z(j) = -j**3 - 4*j**2 - j + 3. Let g = -1301 - -1297. Give z(g).
7
Let o(d) = -4*d + d**3 - 55 + d**2 - d + 5*d + d + 54. Give o(0).
-1
Let u(f) be the first derivative of 3*f**2/2 + 96. What is u(4)?
12
Let y(w) = -3*w**3 + 2*w**2 - 3*w. Let i be (18/(-15))/(6/20). Let q(h) = h**3 - h**2 + h - 1. Let n(c) = i*q(c) - y(c). Calculate n(3).
-8
Suppose 2*j - 30 = 4*y, y - 2 = -2*j - 2*y. Let w(k) = -k + 13. Calculate w(j).
6
Let c(j) = -j + 12. Let b(z) = -5*z + 160. Let w be b(32). Calculate c(w).
12
Let h be 6/4*(-10 + 14). Let r(n) = -1 - n**3 + 7*n**2 - 9 - 4*n + 6. What is r(h)?
8
Let w(r) = -r**3 + 4*r**2 - r - 1. Let y(l) = 5*l - 8*l + 2*l**2 + 4*l. Let i be y(1). Give w(i).
5
Let z(p) be the second derivative of 2*p**3/3 - 5*p**2/2 - 14*p. Let g = 3 - -2. Give z(g).
15
Suppose -55 - 473 = -6*i. Let b = i + -92. Let q(r) = 4 + 2*r + 0*r + 3*r**2 + r**3 - 3*r. Determine q(b).
-8
Suppose 110*g - 112*g = -2. Let y(h) = h - 2*h + 8*h**2 + h - 1. What is y(g)?
7
Let u = -4 + 8. Let q(j) be the first derivative of j**4/24 + 2*j**3/3 + 5*j**2 + 12. Let m(v) be the second derivative of q(v). Give m(u).
8
Let a(b) = -3*b - 8. Let l(h) = -h**2 - h + 141. Let m be l(-12). Calculate a(m).
-35
Let x(s) be the third derivative of s**6/120 + s**5/20 - s**4/24 + s**3/3 - s**2. Let y(o) = -5*o + 33. Let i be y(10). Let t = -21 - i. Determine x(t).
-10
Let p(t) = 4*t + 6. Let c = 487 + -479. Calculate p(c).
38
Let m(u) = -u**3 - 10*u**2 - 17*u - 6. Let a be (8/(-2) + 3)*80/10. Calculate m(a).
2
Let f(j) = 42*j - 1. Let r(i) = i**3 + 5*i**2 - 8*i - 11. Let q be r(-6). Give f(q).
41
Let n = 173 + -172. Let p(r) = -5*r**3 - r. Determine p(n).
-6
Let n(o) = o**3 + 6*o**2 + 3*o - 4. Suppose -2*t - 8 = 0, -5*t = -0*j + j + 14. Suppose -j*r = -10*r + 36. Let x = -14 + r. What is n(x)?
6
Let j(a) = a**3 + 7*a**2 + 3*a - 12. Let v be j(-6). Let l(h) be the second derivative of -h**5/20 + 7*h**4/12 - 7*h**3/6 - h**2/2 + h + 1. Give l(v).
-7
Let l(i) = -i**2 + 4*i. Let p be l(3). Let u(t) be the third derivative of t**5/60 - t**4/24 + 2*t**3/3 - 145*t**2. Determine u(p).
10
Let u(w) = 13*w - 2. Let x(o) = -o**3 - 9*o**2 + 29*o + 192. Let m be x(-10). Determine u(m).
24
Let f be -5 - -5*(54/15)/9. Let x(p) = 2*p**3 + 4*p**2 - p + 1. Give x(f).
-14
Let l(y) = -6*y - 2. Let j(s) = -s**3 - 18*s**2 - 19*s - 38. Let d be j(-17). Give l(d).
22
Suppose 8 = -4*v + 2*v. Let j(k) = -2*k - 5. Let p = 18 - 24. Let t(i) = i + 2. Let d(m) = p*j(m) - 11*t(m). Calculate d(v).
4
Let m = 2 - -5. Suppose 8 = -3*s - 2*t, -5*t - m - 2 = 2*s. Let v = -6 - s. Let r(y) = -y**3 - 6*y**2 - 4*y - 3. Give r(v).
-19
Let w(a) = 2*a**2